6?
9
What is the units digit of 317811?
1
What is the hundreds digit of 6043754?
7
What is the ten thousands digit of 5066633?
6
What is the ten thousands digit of 39747?
3
What is the ten thousands digit of 69340?
6
What is the hundreds digit of 65181?
1
What is the ten millions digit of 32408983?
3
What is the tens digit of 212027?
2
What is the hundreds digit of 4430406?
4
What is the hundreds digit of 64219?
2
What is the tens digit of 5057669?
6
What is the tens digit of 40335?
3
What is the units digit of 350143?
3
What is the tens digit of 508607?
0
What is the thousands digit of 2497859?
7
What is the tens digit of 222763?
6
What is the tens digit of 179861?
6
What is the ten thousands digit of 177016?
7
What is the hundreds digit of 30349?
3
What is the units digit of 1021162?
2
What is the hundred thousands digit of 8104055?
1
What is the hundreds digit of 1377054?
0
What is the thousands digit of 4094730?
4
What is the thousands digit of 5235340?
5
What is the units digit of 213837?
7
What is the thousands digit of 73122?
3
What is the tens digit of 251676?
7
What is the tens digit of 343459?
5
What is the tens digit of 1107379?
7
What is the hundreds digit of 915577?
5
What is the thousands digit of 358731?
8
What is the hundreds digit of 4387707?
7
What is the hundreds digit of 911443?
4
What is the ten thousands digit of 1632337?
3
What is the ten thousands digit of 28320938?
2
What is the tens digit of 305082?
8
What is the thousands digit of 25889?
5
What is the hundred thousands digit of 1631712?
6
What is the millions digit of 29032355?
9
What is the ten thousands digit of 7258494?
5
What is the ten thousands digit of 249513?
4
What is the tens digit of 9468774?
7
What is the tens digit of 558018?
1
What is the units digit of 328914?
4
What is the hundred thousands digit of 288288?
2
What is the tens digit of 9215330?
3
What is the tens digit of 14066902?
0
What is the units digit of 813036?
6
What is the ten thousands digit of 8543719?
4
What is the ten thousands digit of 23688803?
8
What is the units digit of 520990?
0
What is the ten thousands digit of 100042?
0
What is the hundreds digit of 1788700?
7
What is the units digit of 3694368?
8
What is the hundreds digit of 939195?
1
What is the hundreds digit of 4905931?
9
What is the hundred thousands digit of 29332200?
3
What is the tens digit of 547175?
7
What is the ten thousands digit of 469509?
6
What is the thousands digit of 31193566?
3
What is the thousands digit of 6060896?
0
What is the millions digit of 20254982?
0
What is the tens digit of 14798754?
5
What is the tens digit of 1067656?
5
What is the units digit of 4684156?
6
What is the thousands digit of 177861?
7
What is the hundred thousands digit of 263620?
2
What is the tens digit of 6881927?
2
What is the ten thousands digit of 572153?
7
What is the hundreds digit of 48868?
8
What is the tens digit of 6962456?
5
What is the millions digit of 6984264?
6
What is the hundred thousands digit of 26825529?
8
What is the ten thousands digit of 679402?
7
What is the hundreds digit of 3516361?
3
What is the tens digit of 22189?
8
What is the hundred thousands digit of 2534869?
5
What is the thousands digit of 12768222?
8
What is the ten thousands digit of 110909?
1
What is the units digit of 1506492?
2
What is the tens digit of 2656708?
0
What is the units digit of 186102?
2
What is the hundred thousands digit of 9450766?
4
What is the hundreds digit of 145654?
6
What is the thousands digit of 63469?
3
What is the ten thousands digit of 20509224?
0
What is the hundred thousands digit of 1155218?
1
What is the thousands digit of 120762?
0
What is the thousands digit of 106836?
6
What is the hundred thousands digit of 865491?
8
What is the thousands digit of 167090?
7
What is the hundred thousands digit of 10340008?
3
What is the tens digit of 145989?
8
What is the tens digit of 1637008?
0
What is the thousands digit of 454196?
4
What is the hundreds digit of 2227280?
2
What is the hundred thousands digit of 129622?
1
What is the tens digit of 2320095?
9
What is the millions digit of 7496281?
7
What is the thousands digit of 706721?
6
What is the ten thousands digit of 10828?
1
What is the ten thousands digit of 871433?
7
What is the tens digit of 29883?
8
What is the thousands digit of 976390?
6
What is the thousands digit of 5687?
5
What is the hundred thousands digit of 989477?
9
What is the millions digit of 1085825?
1
What is the thousands digit of 744647?
4
What is the units digit of 3736204?
4
What is the units digit of 53685?
5
What is the hundreds digit of 412810?
8
What is the millions digit of 3505714?
3
What is the thousands digit of 443849?
3
What is the ten thousands digit of 345945?
4
What is the hundred thousands digit of 121579?
1
What is the units digit of 28405156?
6
What is the tens digit of 29517?
1
What is the hundreds digit of 3807426?
4
What is the hundred thousands digit of 6252122?
2
What is the hundreds digit of 7362308?
3
What is the ten thousands digit of 2961798?
6
What is the hundreds digit of 4623558?
5
What is the tens digit of 4069247?
4
What is the hundreds digit of 179073?
0
What is the thousands digit of 1269797?
9
What is the ten thousands digit of 4149423?
4
What is the hundreds digit of 2075?
0
What is the hundreds digit of 3145986?
9
What is the hundreds digit of 146342?
3
What is the units digit of 35401803?
3
What is the hundreds digit of 1747732?
7
What is the hundreds digit of 59044?
0
What is the thousands digit of 19084633?
4
What is the tens digit of 2537094?
9
What is the hundred thousands digit of 3211909?
2
What is the units digit of 1703516?
6
What is the ten thousands digit of 283383?
8
What is the hundreds digit of 5371?
3
What is the units digit of 1686863?
3
What is the ten millions digit of 10213339?
1
What is the ten millions digit of 28835856?
2
What is the hundred thousands digit of 279057?
2
What is the units digit of 8423145?
5
What is the tens digit of 4584876?
7
What is the millions digit of 2546212?
2
What is the units digit of 599799?
9
What is the tens digit of 461567?
6
What is the units digit of 2303988?
8
What is the tens digit of 13429731?
3
What is the hundred thousands digit of 345638?
3
What is the thousands digit of 711641?
1
What is the hundreds digit of 184417?
4
What is the thousands digit of 2798385?
8
What is the ten thousands digit of 291408?
9
What is the ten thousands digit of 336535?
3
What is the hundred thousands digit of 335040?
3
What is the units digit of 149975?
5
What is the ten millions digit of 33475212?
3
What is the thousands digit of 2998233?
8
What is the thousands digit of 18162550?
2
What is the millions digit of 3128110?
3
What is the thousands digit of 1664135?
4
What is the units digit of 13766811?
1
What is the hundred thousands digit of 1767913?
7
What is the tens digit of 3458455?
5
What is the hundreds digit of 11752620?
6
What is the hundreds digit of 18665195?
1
What is the tens digit of 239550?
5
What is the hundred thousands digit of 1313141?
3
What is the hundreds digit of 353740?
7
What is the ten thousands digit of 518593?
1
What is the hundreds digit of 306410?
4
What is the hundreds digit of 3505910?
9
What is the units digit of 6369990?
0
What is the millions digit of 14494094?
4
What is the hundred thousands digit of 279678?
2
What is the hundred thousands digit of 4227590?
2
What is the units digit of 218159?
9
What is the ten thousands digit of 493985?
9
What is the hundreds digit of 5424727?
7
What is the thousands digit of 165851?
5
What is the units digit of 4725865?
5
What is the hundreds digit of 4244401?
4
What is the hundreds digit of 342129?
1
What is the ten thousands digit of 10853?
1
What is the units digit of 516319?
9
What is the hundred thousands digit of 486259?
4
What is the hundreds digit of 660438?
4
What is the units digit of 556070?
0
What is the thousands digit of 13118369?
8
What is the tens digit of 269984?
8
What is the ten thousands digit of 1098950?
9
What is the units digit of 294689?
9
What is the ten thousands digit of 4246435?
4
What is the thousands digit of 1838286?
8
What is the thousands digit of 389185?
9
What is the tens digit of 19032?
3
What is the tens digit 